{"id":772,"date":"2017-12-11T22:53:38","date_gmt":"2017-12-11T22:53:38","guid":{"rendered":"http:\/\/cancortes.com\/menus\/menu-temporada\/"},"modified":"2026-03-27T07:02:31","modified_gmt":"2026-03-27T07:02:31","slug":"menu-temporada","status":"publish","type":"page","link":"https:\/\/cancortes.com\/es\/menus\/menu-temporada\/","title":{"rendered":"MENU TEMPORADA"},"content":{"rendered":"<p><div class=\"fusion-fullwidth fullwidth-box fusion-builder-row-1 nonhundred-percent-fullwidth non-hundred-percent-height-scrolling\" style=\"--awb-border-radius-top-left:0px;--awb-border-radius-top-right:0px;--awb-border-radius-bottom-right:0px;--awb-border-radius-bottom-left:0px;--awb-padding-top:0px;--awb-padding-right:0px;--awb-padding-bottom:0px;--awb-padding-left:0px;--awb-margin-bottom:0px;--awb-flex-wrap:wrap;\" ><div class=\"fusion-builder-row fusion-row\"><div class=\"fusion-layout-column fusion_builder_column fusion-builder-column-0 fusion_builder_column_1_1 1_1 fusion-one-full fusion-column-first fusion-column-last\" style=\"--awb-bg-blend:overlay;--awb-bg-size:cover;--awb-margin-bottom:0px;\"><div class=\"fusion-column-wrapper fusion-flex-column-wrapper-legacy\"><div class=\"fusion-title title fusion-title-1 fusion-sep-none fusion-title-center fusion-title-text fusion-title-size-one titol-gris\" style=\"--awb-margin-top:20px;\"><h1 class=\"fusion-title-heading title-heading-center\" style=\"margin:0;\">MEN\u00da TEMPORADA DE CAN CORT\u00c8S<\/h1><\/div><div class=\"fusion-title title fusion-title-2 fusion-sep-none fusion-title-center fusion-title-text fusion-title-size-two titol-gris1-border\" style=\"--awb-margin-top:20px;\"><h2 class=\"fusion-title-heading title-heading-center\" style=\"margin:0;\"><p>MEN\u00da TEMPORADA CAN CORT\u00c8S, Los mejores ingredientes de cada \u00e9poca del a\u00f1o.<\/p>\n<p><strong>COCINA ABIERTA de 9:30h a 16h.<\/strong><\/p><\/h2><\/div><div class=\"fusion-text fusion-text-1\" style=\"--awb-text-transform:none;\"><p>Los mejores ingredientes de cada \u00e9poca del a\u00f1o: esto es lo que encontrar\u00e1s en nuestro Men\u00fa de Temporada!<\/p>\n<p>Disfruta de los platos de temporada en medio de Collserola, con unas vistas panor\u00e1micas incre\u00edbles, degustando cocina catalana moderna con denominaci\u00f3n de origen, y en s\u00f3lo 5 minutos de Barcelona y Sant Cugat del Vall\u00e8s.<\/p>\n<p><strong>El Men\u00fa Temporada se compone de 3 platos a compartir en el centro de la mesa, un segundo plato a elegir, postre casero a elegir, agua, vino, caf\u00e9 y IVA incluido, por 42 \u20ac.<\/strong><\/p>\n<p>Men\u00fa disponible los mediod\u00edas de martes a domingo y festivos, de 13 a 16 h.<\/p>\n<\/div><div class=\"fusion-clearfix\"><\/div><\/div><\/div><\/div><\/div><div class=\"fusion-fullwidth fullwidth-box fusion-builder-row-2 nonhundred-percent-fullwidth non-hundred-percent-height-scrolling fusion-equal-height-columns\" style=\"--awb-border-radius-top-left:0px;--awb-border-radius-top-right:0px;--awb-border-radius-bottom-right:0px;--awb-border-radius-bottom-left:0px;--awb-margin-top:0px;--awb-margin-bottom:0px;--awb-flex-wrap:wrap;\" ><div class=\"fusion-builder-row fusion-row\"><div class=\"fusion-layout-column fusion_builder_column fusion-builder-column-1 fusion_builder_column_1_1 1_1 fusion-one-full fusion-column-first fusion-column-last\" style=\"--awb-bg-blend:overlay;--awb-bg-size:cover;--awb-border-color:#dddddd;--awb-border-top:2px;--awb-border-right:2px;--awb-border-bottom:2px;--awb-border-left:2px;--awb-border-style:solid;\"><div class=\"fusion-column-wrapper fusion-flex-column-wrapper-legacy\"><div class=\"fusion-title title fusion-title-3 fusion-sep-none fusion-title-center fusion-title-text fusion-title-size-two titol-menu\"><h2 class=\"fusion-title-heading title-heading-center\" style=\"margin:0;\"><p style=\"text-align: center;\"><strong>MENU TEMPORADA<\/strong><\/p><\/h2><\/div><div class=\"fusion-text fusion-text-2\" style=\"--awb-text-transform:none;\"><h1 style=\"text-align: center;\"><strong>MENU TEMPORADA\u00a0<\/strong><\/h1>\n<\/p>\n<p style=\"text-align: center;\"><strong>39,9 \u20ac IVA incluido<\/strong><\/p>\n<\/p>\n<p style=\"text-align: center;\">Si padece alguna intolerancia contacte con el camarero, revise los al\u00e9rgenos indicados en cada plato.<\/p>\n<\/p>\n<p style=\"text-align: center;\"><em><strong>\u221e \u221e Entrantes a compartir \u221e \u221e<\/strong><\/em><\/p>\n<\/p>\n<p style=\"text-align: center;\">CROQUETAS CASERAS DE JAM\u00d3N IB\u00c9RICO 2 p.p.\u00a0 \u00a0 \u00a0.1.7.8.<\/p>\n<\/p>\n<p style=\"text-align: center;\">ALCACHOFA CONFITADA CON HUEVO FRITO Y VIRUTAS DE JAMON\u00a0 \u00a0 .1.3.<\/p>\n<\/p>\n<p style=\"text-align: center;\">ENSALADA CON QUESO BRIE, FRESAS, PIPAS DE GIRASOL Y VINAGRETA DE MANZANA\u00a0 \u00a0 .7.8.<\/p>\n<\/p>\n<p style=\"text-align: center;\"><em><strong>\u221e \u221e Principal a elegir\u00a0 \u221e \u221e<\/strong><\/em><\/p>\n<\/p>\n<p style=\"text-align: center;\">BACALAO CONFITADO CON TIMBAL DE VERDURAS RUSTIDAS Y VINAGRETA MEDITERR\u00c1NEA .14.<\/p>\n<\/p>\n<p style=\"text-align: center;\">COSTILLAR DE CERDO BBQ CON PATATAS BABY AL TOMILLO .1.14.<\/p>\n<\/p>\n<p style=\"text-align: center;\">MELOSO DE TERNERA AL VINO OLOROSO EN 2 REDUCCIONES Y PARMENTIER TRUFADA .6.7.14.<\/p>\n<\/p>\n<p style=\"text-align: center;\">ENTRECO A LA BRASA CON PATATAS FR\u00cdTAS Y CHIMICHURRI .1.<\/p>\n<\/p>\n<p style=\"text-align: center;\">CHULET\u00d3N DE TERNERA 750 gr. CON PATATAS FRITAS +9 \u20ac .1.<\/p>\n<\/p>\n<p style=\"text-align: center;\"><strong>\u221e \u221e Postra a escoger \u221e \u221e<\/strong><\/p>\n<\/p>\n<p style=\"text-align: center;\">CREMA CATALANA TRADICIONAL\u00a0 \u00a0 .1.3.7.<\/p>\n<\/p>\n<p style=\"text-align: center;\">TIRAMIS\u00da ARTESANO CON POLVO DE PISTACHO.1.3.7.8.<\/p>\n<\/p>\n<p style=\"text-align: center;\">PI\u00d1A ASADA CON HELADO DE COCO .7.14.<\/p>\n<\/p>\n<p style=\"text-align: center;\"><strong>Caf\u00e9 o Infusi\u00f3n<\/strong><\/p>\n<\/p>\n<p style=\"text-align: center;\"><strong><em>\u221e \u221e\u00a0 \u00a0\u00a0<\/em><\/strong><strong>Bebida\u00a0<em>\u221e \u221e\u00a0<\/em><\/strong><\/p>\n<\/p>\n<p style=\"text-align: center;\">Agua Mineral<br \/>\nVino\u00a0 D.O. CATALUNYA\u00a0 \u00a0Tinto, Blanco o Rosado (1 botella cada 4 men\u00fas)\u00a0 \u00a0 .14.<\/p>\n<\/p>\n<p style=\"text-align: center;\"><strong><em>\u221e \u221e\u00a0 \u00a0 \u00a0<\/em>Vinos Recomendados\u00a0 \u00a0 <em>\u221e \u221e\u00a0 \u00a0\u00a0<\/em><\/strong><br \/>\nCUATRO RAYAS VI\u00d1EDOS CENTENARIOS &#8211; D.O. Rueda +10\u20ac botella cada 4 men\u00fas<br \/>\n100% Verdejo &#8211; Crianza 4 mesas sobre l\u00edas<br \/>\nRIOJA VEGA Crianza &#8211; D.O. RIOJA +10\u20ac botella cada 4 men\u00fas<br \/>\n100% Tempranillo<\/p>\n<\/p>\n<p style=\"text-align: center;\"><strong>Al\u00e9rgenos<\/strong>: 1. Cereales gluten, 2. Crust\u00e1ceos, 3. Huevo, 4. Pescado,\u00a0 5.Cacahuetes, 6. Soja, 7. Leche, 8. Frutos de c\u00e1scara, 9. Apio, 10.Mostaza, 11. S\u00e9samo, 12. Moluscos, 13. Altramuces y 14. Sulfito<\/p>\n<\/div><div class=\"fusion-clearfix\"><\/div><\/div><\/div><\/div><\/div><\/p>\n","protected":false},"excerpt":{"rendered":"","protected":false},"author":1,"featured_media":0,"parent":304,"menu_order":5,"comment_status":"closed","ping_status":"closed","template":"side-navigation.php","meta":{"_monsterinsights_skip_tracking":false,"_monsterinsights_sitenote_active":false,"_monsterinsights_sitenote_note":"","_monsterinsights_sitenote_category":0,"footnotes":""},"class_list":["post-772","page","type-page","status-publish","hentry"],"_links":{"self":[{"href":"https:\/\/cancortes.com\/es\/wp-json\/wp\/v2\/pages\/772","targetHints":{"allow":["GET"]}}],"collection":[{"href":"https:\/\/cancortes.com\/es\/wp-json\/wp\/v2\/pages"}],"about":[{"href":"https:\/\/cancortes.com\/es\/wp-json\/wp\/v2\/types\/page"}],"author":[{"embeddable":true,"href":"https:\/\/cancortes.com\/es\/wp-json\/wp\/v2\/users\/1"}],"replies":[{"embeddable":true,"href":"https:\/\/cancortes.com\/es\/wp-json\/wp\/v2\/comments?post=772"}],"version-history":[{"count":278,"href":"https:\/\/cancortes.com\/es\/wp-json\/wp\/v2\/pages\/772\/revisions"}],"predecessor-version":[{"id":28880,"href":"https:\/\/cancortes.com\/es\/wp-json\/wp\/v2\/pages\/772\/revisions\/28880"}],"up":[{"embeddable":true,"href":"https:\/\/cancortes.com\/es\/wp-json\/wp\/v2\/pages\/304"}],"wp:attachment":[{"href":"https:\/\/cancortes.com\/es\/wp-json\/wp\/v2\/media?parent=772"}],"curies":[{"name":"wp","href":"https:\/\/api.w.org\/{rel}","templated":true}]}}

<p><div class="fusion-fullwidth fullwidth-box fusion-builder-row-1 nonhundred-percent-fullwidth non-hundred-percent-height-scrolling" style="--awb-border-radius-top-left:0px;--awb-border-radius-top-right:0px;--awb-border-radius-bottom-right:0px;--awb-border-radius-bottom-left:0px;--awb-padding-top:0px;--awb-padding-right:0px;--awb-padding-bottom:0px;--awb-padding-left:0px;--awb-margin-bottom:0px;--awb-flex-wrap:wrap;" ><div class="fusion-builder-row fusion-row"><div class="fusion-layout-column fusion_builder_column fusion-builder-column-0 fusion_builder_column_1_1 1_1 fusion-one-full fusion-column-first fusion-column-last" style="--awb-bg-blend:overlay;--awb-bg-size:cover;--awb-margin-bottom:0px;"><div class="fusion-column-wrapper fusion-flex-column-wrapper-legacy"><div class="fusion-title title fusion-title-1 fusion-sep-none fusion-title-center fusion-title-text fusion-title-size-one titol-gris" style="--awb-margin-top:20px;"><h1 class="fusion-title-heading title-heading-center" style="margin:0;">MENÚ TEMPORADA DE CAN CORTÈS</h1></div><div class="fusion-title title fusion-title-2 fusion-sep-none fusion-title-center fusion-title-text fusion-title-size-two titol-gris1-border" style="--awb-margin-top:20px;"><h2 class="fusion-title-heading title-heading-center" style="margin:0;"><p>MENÚ TEMPORADA CAN CORTÈS, Los mejores ingredientes de cada época del año.</p>
<p><strong>COCINA ABIERTA de 9:30h a 16h.</strong></p></h2></div><div class="fusion-text fusion-text-1" style="--awb-text-transform:none;"><p>Los mejores ingredientes de cada época del año: esto es lo que encontrarás en nuestro Menú de Temporada!</p>
<p>Disfruta de los platos de temporada en medio de Collserola, con unas vistas panorámicas increíbles, degustando cocina catalana moderna con denominación de origen, y en sólo 5 minutos de Barcelona y Sant Cugat del Vallès.</p>
<p><strong>El Menú Temporada se compone de 3 platos a compartir en el centro de la mesa, un segundo plato a elegir, postre casero a elegir, agua, vino, café y IVA incluido, por 42 €.</strong></p>
<p>Menú disponible los mediodías de martes a domingo y festivos, de 13 a 16 h.</p>
</div><div class="fusion-clearfix"></div></div></div></div></div><div class="fusion-fullwidth fullwidth-box fusion-builder-row-2 nonhundred-percent-fullwidth non-hundred-percent-height-scrolling fusion-equal-height-columns" style="--awb-border-radius-top-left:0px;--awb-border-radius-top-right:0px;--awb-border-radius-bottom-right:0px;--awb-border-radius-bottom-left:0px;--awb-margin-top:0px;--awb-margin-bottom:0px;--awb-flex-wrap:wrap;" ><div class="fusion-builder-row fusion-row"><div class="fusion-layout-column fusion_builder_column fusion-builder-column-1 fusion_builder_column_1_1 1_1 fusion-one-full fusion-column-first fusion-column-last" style="--awb-bg-blend:overlay;--awb-bg-size:cover;--awb-border-color:#dddddd;--awb-border-top:2px;--awb-border-right:2px;--awb-border-bottom:2px;--awb-border-left:2px;--awb-border-style:solid;"><div class="fusion-column-wrapper fusion-flex-column-wrapper-legacy"><div class="fusion-title title fusion-title-3 fusion-sep-none fusion-title-center fusion-title-text fusion-title-size-two titol-menu"><h2 class="fusion-title-heading title-heading-center" style="margin:0;"><p style="text-align: center;"><strong>MENU TEMPORADA</strong></p></h2></div><div class="fusion-text fusion-text-2" style="--awb-text-transform:none;"><h1 style="text-align: center;"><strong>MENU TEMPORADA </strong></h1>
</p>
<p style="text-align: center;"><strong>39,9 € IVA incluido</strong></p>
</p>
<p style="text-align: center;">Si padece alguna intolerancia contacte con el camarero, revise los alérgenos indicados en cada plato.</p>
</p>
<p style="text-align: center;"><em><strong>∞ ∞ Entrantes a compartir ∞ ∞</strong></em></p>
</p>
<p style="text-align: center;">CROQUETAS CASERAS DE JAMÓN IBÉRICO 2 p.p.     .1.7.8.</p>
</p>
<p style="text-align: center;">ALCACHOFA CONFITADA CON HUEVO FRITO Y VIRUTAS DE JAMON    .1.3.</p>
</p>
<p style="text-align: center;">ENSALADA CON QUESO BRIE, FRESAS, PIPAS DE GIRASOL Y VINAGRETA DE MANZANA    .7.8.</p>
</p>
<p style="text-align: center;"><em><strong>∞ ∞ Principal a elegir  ∞ ∞</strong></em></p>
</p>
<p style="text-align: center;">BACALAO CONFITADO CON TIMBAL DE VERDURAS RUSTIDAS Y VINAGRETA MEDITERRÁNEA .14.</p>
</p>
<p style="text-align: center;">COSTILLAR DE CERDO BBQ CON PATATAS BABY AL TOMILLO .1.14.</p>
</p>
<p style="text-align: center;">MELOSO DE TERNERA AL VINO OLOROSO EN 2 REDUCCIONES Y PARMENTIER TRUFADA .6.7.14.</p>
</p>
<p style="text-align: center;">ENTRECO A LA BRASA CON PATATAS FRÍTAS Y CHIMICHURRI .1.</p>
</p>
<p style="text-align: center;">CHULETÓN DE TERNERA 750 gr. CON PATATAS FRITAS +9 € .1.</p>
</p>
<p style="text-align: center;"><strong>∞ ∞ Postra a escoger ∞ ∞</strong></p>
</p>
<p style="text-align: center;">CREMA CATALANA TRADICIONAL    .1.3.7.</p>
</p>
<p style="text-align: center;">TIRAMISÚ ARTESANO CON POLVO DE PISTACHO.1.3.7.8.</p>
</p>
<p style="text-align: center;">PIÑA ASADA CON HELADO DE COCO .7.14.</p>
</p>
<p style="text-align: center;"><strong>Café o Infusión</strong></p>
</p>
<p style="text-align: center;"><strong><em>∞ ∞    </em></strong><strong>Bebida <em>∞ ∞ </em></strong></p>
</p>
<p style="text-align: center;">Agua Mineral<br />
Vino  D.O. CATALUNYA   Tinto, Blanco o Rosado (1 botella cada 4 menús)    .14.</p>
</p>
<p style="text-align: center;"><strong><em>∞ ∞     </em>Vinos Recomendados    <em>∞ ∞    </em></strong><br />
CUATRO RAYAS VIÑEDOS CENTENARIOS &#8211; D.O. Rueda +10€ botella cada 4 menús<br />
100% Verdejo &#8211; Crianza 4 mesas sobre lías<br />
RIOJA VEGA Crianza &#8211; D.O. RIOJA +10€ botella cada 4 menús<br />
100% Tempranillo</p>
</p>
<p style="text-align: center;"><strong>Alérgenos</strong>: 1. Cereales gluten, 2. Crustáceos, 3. Huevo, 4. Pescado,  5.Cacahuetes, 6. Soja, 7. Leche, 8. Frutos de cáscara, 9. Apio, 10.Mostaza, 11. Sésamo, 12. Moluscos, 13. Altramuces y 14. Sulfito</p>
</div><div class="fusion-clearfix"></div></div></div></div></div></p>
